{"id":8661,"date":"2012-10-23T17:16:37","date_gmt":"2012-10-23T16:16:37","guid":{"rendered":"http:\/\/www.ffzg.unizg.hr\/anglist\/?page_id=8661"},"modified":"2021-12-13T09:59:20","modified_gmt":"2021-12-13T08:59:20","slug":"o-odsjeku-2","status":"publish","type":"page","link":"https:\/\/anglist.ffzg.unizg.hr\/?page_id=8661","title":{"rendered":"O Odsjeku"},"content":{"rendered":"<p style=\"line-height: normal; text-align: justify;\"><span style=\"font-size: small;\"><strong>Odsjek za anglistiku<\/strong> zapo\u010deo je s radom 1934. \u00a0godine kao lektorat postav\u0161i s vremenom jedan od dvadeset i tri odsjeka Filozofskoga fakulteta Sveu\u010dili\u0161ta u Zagrebu. Djelatnost Odsjeka odvija se na \u010detiri katedre: Katedra za engleski jezik, Katedra za englesku knji\u017eevnosti, Katedra za amerikanistiku te Katedra za metodiku engleskoga jezika. Katedre odr\u017eavaju nastavu na sljede\u0107im preddiplomskim i diplomskim studijima:<\/span><\/p>\n<ul>\n<li><span style=\"color: #265572; font-size: small;\">Preddiplomski studij engleskoga jezika i knji\u017eevnosti<\/span><\/li>\n<li><span style=\"color: #265572; font-size: small;\">Diplomski studij anglistike, smjer lingvistika (jedno- i dvopredmetni)<\/span><\/li>\n<li><span style=\"color: #265572; font-size: small;\">Diplomski studij anglistike, smjer knji\u017eevnost-anglofone knji\u017eevnosti (jedno- i dvopredmetni)<\/span><\/li>\n<li><span style=\"color: #265572; font-size: small;\">Diplomski studij anglistike, smjer knji\u017eevnost-amerikanistika (jedno- i dvopredmetni)<\/span><\/li>\n<li><span style=\"color: #265572; font-size: small;\">Diplomski studij anglistike, smjer prevoditeljstvo (jedno- i dvopredmetni)<\/span><\/li>\n<li><span style=\"color: #265572; font-size: small;\">Diplomski studij anglistike, nastavni\u010dki smjer (dvopredmetni)<\/span><\/li>\n<\/ul>\n<p style=\"line-height: normal; text-align: justify;\"><span style=\"font-size: small;\">Na Odsjeku predaje 29 nastavnika u znanstveno-nastavnim, nastavnim i suradni\u010dkim zvanjima. Studijske programe na Odsjeku za anglistiku godi\u0161nje poha\u0111a oko 600 studenata.<\/span><\/p>\n<p style=\"line-height: normal; text-align: justify;\"><span style=\"font-size: small;\"><a href=\"http:\/\/skandi.ffzg.unizg.hr\/\" target=\"_blank\" rel=\"noopener noreferrer\"><strong>Katedra za skandinavistiku<\/strong><\/a> osnovana je pri Odsjeku za anglistiku 1994. godine te nudi sljede\u0107e studijske programe na preddiplomskoj i diplomskoj razini (svi su studiji dvopredmetni):<\/span><\/p>\n<ul>\n<li><span style=\"color: #265572; font-size: small;\">Preddiplomski studij \u0161vedskog jezika i kulture<\/span><\/li>\n<li><span style=\"color: #265572; font-size: small;\">Diplomski lingvisti\u010dki studij \u0161vedskog jezika<\/span><\/li>\n<li><span style=\"color: #265572; font-size: small;\">Diplomski prevoditeljski studij \u0161vedskog jezika i kulture<\/span><\/li>\n<\/ul>\n<p style=\"line-height: normal; text-align: justify;\"><span style=\"font-size: small;\">Na Katedri je zaposleno 7 nastavnika u znanstveno-nastavnim, nastavnim i suradni\u010dkim zvanjima. Nastavu na Katedri godi\u0161nje poha\u0111a oko 110 studenata.<br \/>\n<\/span><\/p>\n<p style=\"text-align: center;\"><img decoding=\"async\" title=\"logo-odsjek\" src=\"https:\/\/anglist.ffzg.unizg.hr\/wp-content\/uploads\/2015\/03\/odsjek-logo.png\" alt=\"odsjek-logo\" \/><\/p>\n<p style=\"line-height: normal; text-align: justify;\"><span style=\"font-size: small;\">\u00a0<\/span><\/p>\n<p style=\"line-height: normal; text-align: justify;\"><span style=\"font-size: small;\">\u00a0<\/span><\/p>\n<p style=\"line-height: normal; text-align: justify;\"><span style=\"font-size: small;\">\u00a0<\/span><\/p>\n","protected":false},"excerpt":{"rendered":"<p>Odsjek za anglistiku zapo\u010deo je s radom 1934. \u00a0godine kao lektorat postav\u0161i s vremenom jedan od dvadeset i tri odsjeka Filozofskoga fakulteta Sveu\u010dili\u0161ta u Zagrebu. Djelatnost Odsjeka odvija se na \u010detiri katedre: Katedra za engleski jezik, Katedra za englesku knji\u017eevnosti, Katedra za amerikanistiku te Katedra za metodiku engleskoga jezika. Katedre odr\u017eavaju nastavu na sljede\u0107im preddiplomskim [&hellip;]<\/p>\n","protected":false},"author":6,"featured_media":0,"parent":4078,"menu_order":0,"comment_status":"closed","ping_status":"closed","template":"","meta":{"ngg_post_thumbnail":0,"footnotes":""},"class_list":["post-8661","page","type-page","status-publish","hentry"],"_links":{"self":[{"href":"https:\/\/anglist.ffzg.unizg.hr\/index.php?rest_route=\/wp\/v2\/pages\/8661","targetHints":{"allow":["GET"]}}],"collection":[{"href":"https:\/\/anglist.ffzg.unizg.hr\/index.php?rest_route=\/wp\/v2\/pages"}],"about":[{"href":"https:\/\/anglist.ffzg.unizg.hr\/index.php?rest_route=\/wp\/v2\/types\/page"}],"author":[{"embeddable":true,"href":"https:\/\/anglist.ffzg.unizg.hr\/index.php?rest_route=\/wp\/v2\/users\/6"}],"replies":[{"embeddable":true,"href":"https:\/\/anglist.ffzg.unizg.hr\/index.php?rest_route=%2Fwp%2Fv2%2Fcomments&post=8661"}],"version-history":[{"count":30,"href":"https:\/\/anglist.ffzg.unizg.hr\/index.php?rest_route=\/wp\/v2\/pages\/8661\/revisions"}],"predecessor-version":[{"id":41118,"href":"https:\/\/anglist.ffzg.unizg.hr\/index.php?rest_route=\/wp\/v2\/pages\/8661\/revisions\/41118"}],"up":[{"embeddable":true,"href":"https:\/\/anglist.ffzg.unizg.hr\/index.php?rest_route=\/wp\/v2\/pages\/4078"}],"wp:attachment":[{"href":"https:\/\/anglist.ffzg.unizg.hr\/index.php?rest_route=%2Fwp%2Fv2%2Fmedia&parent=8661"}],"curies":[{"name":"wp","href":"https:\/\/api.w.org\/{rel}","templated":true}]}}