{"id":565,"date":"2012-05-01T17:19:10","date_gmt":"2012-05-01T16:19:10","guid":{"rendered":"http:\/\/www.ffzg.unizg.hr\/anglist\/test\/wp\/?page_id=565"},"modified":"2026-04-15T10:30:13","modified_gmt":"2026-04-15T09:30:13","slug":"tajnistvo","status":"publish","type":"page","link":"https:\/\/anglist.ffzg.unizg.hr\/?page_id=565","title":{"rendered":"Kontakti"},"content":{"rendered":"<table style=\"height: 911px; width: 81.7974%; line-height: 1; border-color: #9bbbd1;\" border=\"1\">\n<tbody style=\"line-height: 1;\">\n<tr style=\"line-height: 1;\">\n<td style=\"line-height: 1; width: 53.6101%; border-color: #9bbbd1; padding-left: 5px; height: 144px;\">\n<p><span style=\"font-size: small;\"><strong>Pro\u010delnik:<br \/>\n<span style=\"font-size: small; color: #262c32;\">dr. sc. Mateusz-Milan Stanojevi\u0107, red. prof.<br \/>\n<\/span><\/strong><span style=\"font-size: small; color: #262c32;\">Ured: B-011<br \/>\n<\/span><span style=\"font-size: small; color: #262c32;\">Konzultacije: utorak 9:30-11:00 i po dogovoru.<br \/>\nTel. 01\/4092-054<br \/>\ne-mail: <a href=\"mailto:mmstanoje@ffzg.unizg.hr\">mmstanoje@ffzg.unizg.hr<\/a><a title=\"mstanojevic\"><br \/>\n<\/a><a href=\"https:\/\/anglist.ffzg.unizg.hr\/?p=155\">osobna stranica<\/a><\/span><\/span><\/p>\n<\/td>\n<td style=\"line-height: 1; width: 53.8972%; border-color: #9bbbd1; padding-left: 5px; height: 144px;\"><span style=\"font-size: small;\"><strong>Zamjenica pro\u010delnika:<br \/>\n<\/strong><strong><span style=\"font-size: small; color: #262c32;\">dr. sc. Stela Letica Krevelj, izv. prof.<br \/>\n<\/span><\/strong><span style=\"font-size: small; color: #262c32;\">Ured: B-009<br \/>\nKonzultacije: \u010detvrtak 09:15-10:15 i po dogovoru.<br \/>\nTel. 01\/4092-052<br \/>\ne-mail: <a href=\"mailto:sletica2@ffzg.unizg.hr\">sletica2@ffzg.unizg.hr<\/a><br \/>\n<a href=\"https:\/\/anglist.ffzg.unizg.hr\/?p=185\">osobna stranica<\/a><\/span><strong><br \/>\n<\/strong><\/span><\/td>\n<\/tr>\n<tr style=\"line-height: 1;\">\n<td style=\"line-height: 1; width: 53.6101%; border-color: #9bbbd1; padding-left: 5px; height: 232px;\">\n<p style=\"line-height: normal; text-align: top;\"><span style=\"font-size: small;\"><strong>Tajnik Odsjeka, <\/strong><span style=\"font-size: small; line-height: normal;\"><strong><b><span data-olk-copy-source=\"MessageBody\">satni\u010dar ispitnih rokova i ISVU-koordinator za preddiplomski i diplomski studij:<\/span><\/b><\/strong><br \/>\n<span style=\"font-size: small; line-height: normal;\"><span style=\"line-height: normal; text-align: justify;\"><span style=\"font-size: small;\"><span style=\"font-size: small; line-height: normal;\"><strong><span data-olk-copy-source=\"MessageBody\">Luka Canjek<\/span><\/strong><br \/>\nSoba: B-010<br \/>\ne-mail: <br \/>\n<a href=\"mailto:anglistika@ffzg.hr\">anglistika@ffzg.hr<\/a><br \/>\n<span data-olk-copy-source=\"MessageBody\">(za komunikaciju sa studentima + e-mail adresa za obrasce \u2013 zavr\u0161etak preddiplomskog studija, prije obrane diplomskog rada i zavr\u0161etak diplomskog studija)<\/span><\/span><\/span><\/span><\/span><\/span><\/span><\/p>\n<p style=\"line-height: normal; text-align: top;\"><span style=\"font-size: small;\"> <span style=\"font-size: 10pt;\">tel. 01\/4092-053<\/span><\/span><br \/>\n<span style=\"font-size: 10pt;\"><span style=\"line-height: normal;\"><span style=\"line-height: normal;\"><span style=\"line-height: normal; text-align: justify;\">Radno vrijeme:<br \/>\nponedjeljak-petak, 08:00-16:00 (pauza 12:00-12:30)<\/span><\/span><\/span><\/span><\/p>\n<\/td>\n<td style=\"line-height: 1; width: 53.8972%; border-color: #9bbbd1; padding-left: 5px; height: 232px;\"><span style=\"font-size: small;\"><img decoding=\"async\" title=\" envel \" src=\"https:\/\/anglist.ffzg.unizg.hr\/wp-content\/uploads\/2012\/07\/envel.jpg\" alt=\"\"\/><strong> Adresa:<\/strong><\/span><br \/>\n<span style=\"font-size: small;\"> Odsjek za anglistiku<\/span><br \/>\n<span style=\"font-size: small;\">Filozofski fakultet<\/span><br \/>\n<span style=\"font-size: small;\">Sveu\u010dili\u0161te u Zagrebu<\/span><br \/>\n<span style=\"font-size: small;\">Ivana Lu\u010di\u0107a 3<\/span><br \/>\n<span style=\"font-size: small;\">10000 Zagreb<\/span><\/td>\n<\/tr>\n<tr style=\"line-height: 1;\">\n<td style=\"line-height: 1; width: 53.6101%; border-color: #9bbbd1; padding-left: 5px; height: 184px;\"><span style=\"font-size: small;\"><strong>Koordinator za Ceepus:<\/strong><br \/>\ndr. sc. Sven Cvek, izv. prof.<br \/>\nUred: B-018<br \/>\nKonzultacije: Zimski semestar: srijeda 14:00-15:00,<br \/>\nLjetni semestar: srijeda 13:00-14:00<br \/>\ni online po dogovoru.<br \/>\nTel. 01\/4092-060<br \/>\ne-mail: <a title=\"scvek\" href=\"mailto:scvek@ffzg.unizg.hr\">scvek@ffzg.unizg.hr<br \/>\n<\/a><a href=\"https:\/\/anglist.ffzg.unizg.hr\/?p=162\">osobna stranica<\/a><br \/>\n<\/span><br \/>\n<span style=\"font-size: small;\"><a title=\"CEEPUS stipendije\" href=\"https:\/\/anglist.ffzg.unizg.hr\/?page_id=11712\">CEEPUS stipendije<\/a><\/span><\/td>\n<td style=\"line-height: normal; width: 53.8972%; border-color: #9bbbd1; padding-left: 5px; height: 184px;\"><span style=\"font-size: small;\"><strong>ECTS\u2011koordinator, <\/strong><br \/>\n<strong>koordinator za Erasmus:<\/strong> <br \/>\ndr. sc. Bojan Prosenjak, vi\u0161i asistent<br \/>\nUred: B-016<br \/>\nKonzultacije: po dogovoru e-mailom<br \/>\nTel. 01\/4092-058<br \/>\ne-mail: <a href=\"mailto:bprosenj@m.ffzg.hr\">bprosenj@m.ffzg.hr<\/a><br \/>\n<a href=\"mailto:mobilnost-angl@ffzg.hr\">mobilnost-angl@ffzg.hr<\/a><br \/>\n<a href=\"https:\/\/anglist.ffzg.unizg.hr\/?p=177\">osobna stranica<\/a>&nbsp;<br \/>\n<a href=\"https:\/\/anglist.ffzg.unizg.hr\/?page_id=11519\">Erasmus <\/a>za odlazne studente anglistike<br \/>\n<\/span><\/td>\n<\/tr>\n<tr style=\"line-height: 1;\">\n<td style=\"line-height: normal; width: 53.6101%; border-color: #9bbbd1; padding-left: 5px; height: 147px;\">\n<div><span style=\"font-size: small;\"><strong>Koordinatorica rada sa studentima s invaliditetom: <br \/>\n<\/strong>dr. sc. Nata\u0161a Pavlovi\u0107, red. prof.<br \/>\nUred: B-013<br \/>\nKonzultacije: \u010detvrtak 17:00-18:00 i po dogovoru.<br \/>\nTel.: 01\/4092-056<br \/>\ne-mail: <a href=\"mailto:npavlovi@ffzg.unizg.hr\">npavlovi@ffzg.unizg.hr<\/a><\/span><\/div>\n<div><a href=\"https:\/\/anglist.ffzg.unizg.hr\/?p=170\"><span style=\"font-size: small;\">osobna stranica<\/span><\/a><\/div>\n<div><a href=\"http:\/\/www.ffzg.unizg.hr\/ssi\/\" target=\"_blank\" rel=\"noopener noreferrer\"><span style=\"font-size: small;\">Studenti s invaliditetom<\/span><\/a><\/div>\n<\/td>\n<td style=\"line-height: 1; width: 53.8972%; border-color: #9bbbd1; padding-left: 5px; height: 147px;\">\n<div style=\"line-height: 1;\"><span style=\"font-size: small;\"><strong>Satni\u010dar:<br \/>\n<\/strong>dr. sc. An\u0111el Star\u010devi\u0107, doc.<\/span><br \/>\n<span style=\"font-size: small;\">Ured: B-016<br \/>\nKonzultacije: srijeda od 15:30<br \/>\nTel. 01\/4092-058<br \/>\ne-mail: <a title=\"astarcev\" href=\"mailto:astarcevic@ffzg.unizg.hr\">astarcevic@ffzg.unizg.hr<br \/>\n<\/a><a href=\"https:\/\/anglist.ffzg.unizg.hr\/?p=26796\">osobna stranica<\/a><\/span><\/div>\n<\/td>\n<\/tr>\n<tr style=\"line-height: 1;\">\n<td style=\"line-height: 1; width: 53.6101%; border-color: #9bbbd1; padding-left: 5px; height: 96px;\">\n<div><span style=\"font-size: small;\"><strong>Web-administratorica:<br \/>\n<\/strong>Nives Kova\u010di\u0107, asist.<br \/>\nUred: B-009<br \/>\nKonzultacije: \u010detvrtak 10:15-11:15 i po dogovoru<br \/>\nTel. 01\/4092-052<br \/>\ne-mail: <a href=\"mailto:nikovaci@m.ffzg.hr\">nikovaci@m.ffzg.hr<\/a><\/span><\/div>\n<\/td>\n<td style=\"line-height: 1; width: 53.8972%; border-color: #9bbbd1; padding-left: 5px; height: 96px;\"><span style=\"font-size: small;\"><strong>Knji\u017eni\u010darka: <br \/>\n<\/strong>Mila Mar\u0161i\u0107<\/span><br \/>\n<span style=\"font-size: small;\">Ured: Knji\u017enica, 5. kat, soba 5.8.<\/span><br \/>\n<span style=\"font-size: small;\">Tel.: 01\/4092-033<\/span><br \/>\n<span style=\"font-size: small;\">e-mail: <a href=\"mailto:mmarsic@ffzg.unizg.hr\">mmarsic@ffzg.unizg.hr<\/a><\/span><\/td>\n<\/tr>\n<tr style=\"height: 108px;\">\n<td style=\"line-height: 1; border-color: #9bbbd1; padding-left: 5px; height: 108px;\" colspan=\"2\">\n<div><span style=\"font-size: small;\"><strong>Povjerenstvo za eti\u010dnost znanstvenih istra\u017eivanja:<br \/>\n<\/strong>dr. sc. Nata\u0161a Pavlovi\u0107, red. prof.&nbsp;<br \/>\ndr. sc. Renata Geld, red. prof.<br \/>\ndr. sc. An\u0111el Star\u010devi\u0107, docent<br \/>\ndr. sc. Janja \u010culig, docent<br \/>\ndr. sc. Ante Petrovi\u0107, vi\u0161i asistent<\/span><\/div>\n<div>&nbsp;<\/div>\n<div><span style=\"font-size: 10pt;\">e-mail: <span style=\"font-size: small;\"><a href=\"npavlovi@m.ffzg.hr\">npavlovi@m.ffzg.hr; <\/a><\/span><span style=\"font-size: small;\"><a href=\"rgeld@m.ffzg.hr\">rgeld@m.ffzg.hr;<\/a>&nbsp;<a href=\"astarcevic@m.ffzg.hr\">astarcevic@m.ffzg.hr; <\/a><a href=\"jaculig@m.ffzg.hr\">jaculig@m.ffzg.hr; <\/a><a href=\"anpetrov@m.ffzg.hr\">anpetrov@m.ffzg.hr<\/a><br \/>\n<\/span><\/span><\/div>\n<\/td>\n<\/tr>\n<tr>\n<td style=\"line-height: 1; border-color: #9bbbd1; padding-left: 5px; width: 53.6101%;\" colspan=\"2\">\n<p><span style=\"font-size: 10pt;\"><span style=\"font-size: small;\"><strong>Povjerenstvo za kvalitetu Odsjeka za anglistiku:<\/strong><\/span><br \/>\nPro\u010delnik Odsjeka prof. dr. sc. Mateusz-Milan Stanojevi\u0107<br \/>\n(<a href=\"procelnik-anglistika@ffzg.unizg.hr\">procelnik-anglistika@ffzg.unizg.hr<\/a>)<\/span><br \/>\n<span style=\"font-size: 10pt;\">Povjerenica za kvalitetu doc. dr. sc. Janja \u010culig-Suknai\u0107 (<a href=\"mailto:jaculig@ffzg.unizg.hr\">jaculig@ffzg.unizg.hr<\/a>)<\/span><br \/>\n<span style=\"font-size: 10pt;\">Zamjenica povjerenice za kvalitetu v. lekt. Sara Profeta (<a href=\"mailto:sprofeta@ffzg.unizg.hr\">sprofeta@ffzg.unizg.hr<\/a>)<\/span><br \/>\n<span style=\"font-size: 10pt;\">ECTS koordinator Odsjeka za anglistiku v. asist. dr. sc. Bojan Prosenjak (<a href=\"mailto:bprosenj@ffzg.unizg.hr\">bprosenj@ffzg.unizg.hr<\/a>)<\/span><br \/>\n<span style=\"font-size: 10pt;\">ISVU koordinator i tajnik Odsjeka za anglistiku Luka Canjek (<a href=\"mailto:anglistika@ffzg.unizg.hr\">anglistika@ffzg.unizg.hr<\/a>)<\/span><br \/>\n<span style=\"font-size: 10pt;\">Studentska predstavnica za prijediplomski studij anglistike Maja Tomai\u0107<\/span><br \/>\n<span style=\"font-size: 10pt;\">Studentski predstavnik za diplomski studij anglistike Josipa Mra\u010di\u0107<\/span><br \/>\n<span style=\"font-size: 10pt;\">Studentski predstavnik za diplomski studij skandinavistike Demijan Vilupek<\/span><\/p>\n<p><span style=\"font-size: 10pt;\">Za sve upite molimo da se javite na e-mail adresu <a href=\"mailto:anglistika@ffzg.hr\">anglistika@ffzg.hr&nbsp;<\/a><\/span><\/p>\n<\/td>\n<\/tr>\n<\/tbody>\n<\/table>\n<p align=\"center\">&nbsp;<\/p>\n<p style=\"line-height: 1;\" align=\"center\"><span style=\"font-size: small;\">&nbsp;<\/span><\/p>\n<p><img loading=\"lazy\" decoding=\"async\" class=\"size-full wp-image-46630 alignleft\" src=\"http:\/\/anglist.ffzg.unizg.hr\/wp-content\/uploads\/2024\/09\/knjiznica-2-by-Ivana-Kukic.png\" alt=\"\" width=\"465\" height=\"490\" srcset=\"https:\/\/anglist.ffzg.unizg.hr\/wp-content\/uploads\/2024\/09\/knjiznica-2-by-Ivana-Kukic.png 465w, https:\/\/anglist.ffzg.unizg.hr\/wp-content\/uploads\/2024\/09\/knjiznica-2-by-Ivana-Kukic-285x300.png 285w\" sizes=\"auto, (max-width: 465px) 100vw, 465px\" \/><\/p>\n<p style=\"line-height: 1;\" align=\"center\"><span style=\"font-family: verdana,geneva; color: #000000; font-size: small;\">&nbsp;<\/span><\/p>\n<p>&nbsp;<\/p>\n","protected":false},"excerpt":{"rendered":"<p>Pro\u010delnik: dr. sc. Mateusz-Milan Stanojevi\u0107, red. prof. Ured: B-011 Konzultacije: utorak 9:30-11:00 i po dogovoru. Tel. 01\/4092-054 e-mail: mmstanoje@ffzg.unizg.hr osobna stranica Zamjenica pro\u010delnika: dr. sc. Stela Letica Krevelj, izv. prof. Ured: B-009 Konzultacije: \u010detvrtak 09:15-10:15 i po dogovoru. Tel. 01\/4092-052 e-mail: sletica2@ffzg.unizg.hr osobna stranica Tajnik Odsjeka, satni\u010dar ispitnih rokova i ISVU-koordinator za preddiplomski i diplomski [&hellip;]<\/p>\n","protected":false},"author":6,"featured_media":0,"parent":4078,"menu_order":0,"comment_status":"closed","ping_status":"closed","template":"","meta":{"ngg_post_thumbnail":0,"footnotes":""},"class_list":["post-565","page","type-page","status-publish","hentry"],"_links":{"self":[{"href":"https:\/\/anglist.ffzg.unizg.hr\/index.php?rest_route=\/wp\/v2\/pages\/565","targetHints":{"allow":["GET"]}}],"collection":[{"href":"https:\/\/anglist.ffzg.unizg.hr\/index.php?rest_route=\/wp\/v2\/pages"}],"about":[{"href":"https:\/\/anglist.ffzg.unizg.hr\/index.php?rest_route=\/wp\/v2\/types\/page"}],"author":[{"embeddable":true,"href":"https:\/\/anglist.ffzg.unizg.hr\/index.php?rest_route=\/wp\/v2\/users\/6"}],"replies":[{"embeddable":true,"href":"https:\/\/anglist.ffzg.unizg.hr\/index.php?rest_route=%2Fwp%2Fv2%2Fcomments&post=565"}],"version-history":[{"count":412,"href":"https:\/\/anglist.ffzg.unizg.hr\/index.php?rest_route=\/wp\/v2\/pages\/565\/revisions"}],"predecessor-version":[{"id":49273,"href":"https:\/\/anglist.ffzg.unizg.hr\/index.php?rest_route=\/wp\/v2\/pages\/565\/revisions\/49273"}],"up":[{"embeddable":true,"href":"https:\/\/anglist.ffzg.unizg.hr\/index.php?rest_route=\/wp\/v2\/pages\/4078"}],"wp:attachment":[{"href":"https:\/\/anglist.ffzg.unizg.hr\/index.php?rest_route=%2Fwp%2Fv2%2Fmedia&parent=565"}],"curies":[{"name":"wp","href":"https:\/\/api.w.org\/{rel}","templated":true}]}}