{"id":558,"date":"2012-05-01T17:05:10","date_gmt":"2012-05-01T16:05:10","guid":{"rendered":"http:\/\/www.ffzg.unizg.hr\/anglist\/test\/wp\/?page_id=558"},"modified":"2024-09-04T11:11:15","modified_gmt":"2024-09-04T10:11:15","slug":"dodiplomski-stari-sustav","status":"publish","type":"page","link":"https:\/\/anglist.ffzg.unizg.hr\/?page_id=558","title":{"rendered":"Dodiplomski (stari sustav)"},"content":{"rendered":"<p align=\"center\"><span style=\"color: #336699; font-size: small;\"><span style=\"color: #336699;\"><strong>ODSJEK ZA ANGLISTIKU<br \/>\nDODIPLOMSKI STUDIJ (stari sustav &#8211; <\/strong><strong>ak. god.&nbsp; 2004\/2005. i ranije<\/strong>)<\/span><br \/>\n<\/span><\/p>\n<hr size=\"1\"\/>\n<table style=\"width: 590px; height: 40px; border-radius: 3px; border: 1px solid #DAE7E7;\">\n<tbody>\n<tr style=\"background-color: #eaf2f9;\">\n<td style=\"padding-left: 10px; line-height: 1; text-decoration: none; background-color: #eaf2f9; border-radius: 3px; text-align: left; border: 1px solid #DAE7E7;\"><span style=\"line-height: normal; color: #3b6ea1;\"><span style=\"font-size: small; line-height: normal;\"><span style=\"color: #333333;\">Naziv studija: studij engleskog jezika i knji\u017eevnosti \/ studij anglistike<\/span><br \/>\n<span style=\"color: #333333;\">Dvopredmetni i\/ili jednopredmetni studij<\/span><br \/>\n<span style=\"color: #333333;\">Zvanje (zvanja) koje se stje\u010de: profesor engleskog jezika i knji\u017eevnosti \/ diplomirani anglist<\/span><strong><br \/>\n<\/strong><\/span><\/span><\/td>\n<\/tr>\n<tr style=\"line-height: 1; text-decoration: none; background-color: #fafcfd; text-align: center; border: 1px solid #DAE7E7;\">\n<td style=\"padding-left: 10px; line-height: 1; text-decoration: none; background-color: #fafcfd; border-radius: 3px; text-align: left; border: 2px solid #DAE7E7;\">\n<p><strong><span style=\"font-size: small;\">PROGRAM STUDIJA<\/span>:<\/strong><\/p>\n<ul>\n<li><span style=\"font-size: small;\"><span style=\"color: #336699;\"><a title=\"Dodiplomski (stari sustav) \u2013 Program studija\" href=\"https:\/\/anglist.ffzg.unizg.hr\/?p=2250\">Program studija anglistike<\/a> (<\/span><span style=\"color: #000000;\"><em>Vodi\u010d kroz studij<\/em>)<br \/>\n<\/span><\/span><\/li>\n<\/ul>\n<\/td>\n<\/tr>\n<tr style=\"line-height: 1; text-decoration: none; background-color: #fefefe; text-align: center; border: 1px solid #DAE7E7;\">\n<td style=\"padding-left: 10px; line-height: 1; text-decoration: none; background-color: #fefefe; border-radius: 3px; text-align: left; border: 2px solid #DAE7E7;\">\n<p><span style=\"font-size: small;\"><span style=\"color: #333333;\"><strong>OPISI KOLEGIJA<\/strong> <strong>&#8211;<\/strong><\/span><span style=\"color: #000000;\"> stari program (na hrvatskom jeziku) <\/span><\/span><\/p>\n<ul>\n<li><span style=\"color: #336699; font-size: small;\"><a href=\"https:\/\/anglist.ffzg.unizg.hr\/wp-content\/uploads\/2012\/05\/Opis-kolegija-stari-program.doc\">Opis kolegija-stari program<\/a> <span style=\"color: #000000;\">(word.doc<\/span><span style=\"color: #000000;\">)<br \/>\n<a href=\"https:\/\/anglist.ffzg.unizg.hr\/?p=2263\">(opis diplomskih ispita pogledajte ovdje)<\/a><br \/>\n<\/span><\/span><\/li>\n<\/ul>\n<p>&nbsp;<\/p>\n<\/td>\n<\/tr>\n<tr style=\"background-color: #fefefe;\">\n<td style=\"padding-left: 10px; text-decoration: none; background-color: #fefefe; border-radius: 3px; text-align: left; border: 2px solid #DAE7E7;\"><span style=\"font-size: small;\"><span style=\"font-size: small;\"><strong><span style=\"font-size: small;\"><strong><span style=\"color: #265572;\">POPISI LITERATURE ZA DIPLOMSKE ISPITE &#8211; stari program<\/span><\/strong><\/span><\/strong><\/span><span style=\"font-size: small;\"><strong><span style=\"font-size: small;\"><strong><br \/>\n<\/strong><\/span><\/strong><span style=\"font-size: small;\">\u00b0 <a title=\"Ameri\u010dka knji\u017eevnost \u2013 diplomski ispit (opis)\" href=\"https:\/\/anglist.ffzg.unizg.hr\/?p=2265\"><span style=\"color: #336699;\">Ameri\u010dka knji\u017eevnost<\/span><\/a><\/span><span style=\"font-size: small;\"><br \/>\n<span style=\"color: #336699;\">\u00b0 <a href=\"https:\/\/anglist.ffzg.unizg.hr\/wp-content\/uploads\/2012\/07\/moderna-popis-literature.doc\"><span style=\"color: #336699;\">Moderna britanska knji\u017eevnost<\/span> <\/a><span style=\"color: #000000;\">(word.doc)<\/span><\/span><br \/>\n<\/span><\/span><span style=\"color: #336699;\"><span style=\"font-size: small;\"><span style=\"font-size: small;\">\u00b0 <a href=\"https:\/\/anglist.ffzg.unizg.hr\/wp-content\/uploads\/2012\/07\/starijalista-final-jan2003.doc\"><span style=\"color: #336699;\">Starija engleska knji\u017eevnost <\/span><\/a><span style=\"color: #000000;\">(word.doc)<\/span><\/span><\/span><span style=\"font-size: small;\"><strong><span style=\"font-size: small;\"><br \/>\n<\/span><\/strong><\/span><\/span> <\/span><\/td>\n<\/tr>\n<tr style=\"background-color: #fefefe;\">\n<td style=\"line-height: 1; text-decoration: none; background-color: #fefefe; padding-left: 10px; border: 2px solid #dae7e7; text-align: justify;\">\n<p><span style=\"font-size: 10pt;\"><span style=\"color: #ff0000;\"><strong>VA\u017dNO<\/strong><\/span> (22.1.2018.):<strong><br \/>\n<span style=\"color: #336699;\">Obavijest za studente dodiplomskog (predbolonjskog) studija<\/span><\/strong><\/span><br \/>\n<span style=\"color: #336699;\"><strong><span style=\"font-size: 10pt;\"> (stari studij)<\/span><\/strong><\/span><\/p>\n<div class=\"entry\">\n<p>Na temelju molbe studenata za produljenje roka za zavr\u0161etak studija po predbolonjskom programu do 28. velja\u010de 2018. godine, Vije\u0107e Filozofskog fakulteta je na sjednici odr\u017eanoj 21. rujna 2017. donijelo odluku da se takvo <strong>produljenje odobrava za sve studente dodiplomskog (predbolonjskog) studija koji su polo\u017eili sve ispite i izvr\u0161ili sve studentske obveze osim obrane diplomskog rada<\/strong>, koji bi trebao biti prihva\u0107en od strane mentora i odobren na mati\u010dnom odsjeku. Takve studente (prema podacima iz molbe, ima ih 44) molimo da se ODMAH jave mentoru\/ici, pristupe izradi diplomskog rada i njegovoj obrani. Studenti \u010diji mentori\/ce nisu ovaj semestar na Fakultetu (studijske godine, boravci u inozemstvu) mole se da se hitno jave na mati\u010dne odsjeke.<\/p>\n<p>Studenti kojima je uprava odobrila zavr\u0161etak studija prema predbolonjskom programu do 28. velja\u010de 2018., <strong>du\u017eni su izdano rje\u0161enje pokazati prilikom dogovora o polaganju ispita i\/ili obrani diplomskog rada<\/strong>.<\/p>\n<p>22. sije\u010dnja 2018.<\/p>\n<\/div>\n<\/td>\n<\/tr>\n<tr style=\"background-color: #fefefe;\">\n<td style=\"line-height: 1; text-decoration: none; background-color: #fefefe; padding-left: 10px; border: 2px solid #dae7e7; text-align: justify;\"><span style=\"line-height: normal; color: #3b6ea1;\"><span style=\"line-height: normal; color: #3b6ea1;\"><span style=\"font-size: small;\"><span style=\"color: #ff0000;\"><strong>VA\u017dNO <\/strong><\/span>(25.9.2017.):<\/span><\/span><\/span><\/p>\n<h3 style=\"text-align: left;\"><span style=\"font-size: 10pt; color: #336699;\">Obavijest za studente dodiplomskog (predbolonjskog) studija<\/span><br \/>\n<span style=\"font-size: 10pt; color: #336699;\"> (stari studij)<\/span><\/h3>\n<div class=\"entry\">\n<p>Na temelju molbe studenata za produljenje roka za zavr\u0161etak studija po predbolonjskom programu do 28. velja\u010de 2018. godine, Vije\u0107e Filozofskog fakulteta je na sjednici odr\u017eanoj 21. rujna 2017. donijelo odluku da se takvo <strong>produljenje odobrava za sve studente dodiplomskog (predbolonjskog) studija koji su polo\u017eili sve ispite i izvr\u0161ili sve studentske obveze osim obrane diplomskog rada<\/strong>, koji bi trebao biti prihva\u0107en od strane mentora i odobren na mati\u010dnom odsjeku. Takve studente (prema podacima iz molbe, ima ih 44) molimo da se ODMAH jave mentoru\/ici, pristupe izradi diplomskog rada i njegovoj obrani. Studenti \u010diji mentori\/ce nisu ovaj semestar na Fakultetu (studijske godine, boravci u inozemstvu) mole se da se hitno jave na mati\u010dne odsjeke.<\/p>\n<p>Ostale studente upu\u0107ujemo da <strong>predaju molbu za prelazak na bolonjski studij<\/strong> (ukupno 83 studenta\/ice prema navedenim podacima). Molbe se predaju na op\u0107em obrascu za molbe (<a href=\"http:\/\/www.ffzg.unizg.hr\/stuslu\/wp-content\/uploads\/2012\/05\/molba_opca.doc\" target=\"_blank\" rel=\"noopener\">molba<\/a>) od <strong>2. listopada do 15. prosinca 2017.<\/strong> e-mailom na <strong>prodekan.nastava@ffzg.hr<\/strong>, po\u0161tom ili osobno u urud\u017ebeni ured Filozofskog fakulteta (radnim danom od 9 do 14 sati). Detalji pod op\u0161irnije.<span id=\"more-7450\"><\/span><\/p>\n<p>OP\u0160IRNIJE:<\/p>\n<p>Ostale studente upu\u0107ujemo da <strong>predaju molbu za prelazak na bolonjski studij<\/strong> (ukupno 83 studenta\/ice prema navedenim podacima). Molbe se predaju na op\u0107em obrascu za molbe (<a href=\"http:\/\/www.ffzg.unizg.hr\/stuslu\/wp-content\/uploads\/2012\/05\/molba_opca.doc\">molba<\/a>) od <strong>2. listopada do 15. prosinca 2017.<\/strong> e-mailom na <strong>prodekan.nastava@ffzg.hr<\/strong>, po\u0161tom ili osobno u urud\u017ebeni ured Filozofskog fakulteta (radnim danom od 9 do 14 sati).<\/p>\n<p>Osim op\u0107eg obrasca, uz molbu u kojoj su navedeni detalji o dosada\u0161njem tijeku studija mora biti prilo\u017eena i preslika indeksa.<\/p>\n<p>Studenti\/ce koji, zbog zdravstvenih (dugotrajne ili kroni\u010dne bolesti) ili obiteljskih (trudno\u0107a, porodiljni dopust) razloga, nisu do sada mogli ili ne mogu regulirati svoje studentske obveze, trebali bi uz op\u0107u molbu navesti razloge i prilo\u017eiti medicinsku dokumentaciju.<\/p>\n<p>Studenti\/ce koji zbog te\u0161ke financijske situacije nisu do sada pre\u0161li na bolonjski studij, a isti ih razlozi onemogu\u0107avaju da to u\u010dine i ovom prilikom, trebali bi uz op\u0107u molbu prilo\u017eiti i molbu o oslobo\u0111enju od pla\u0107anja cijelog ili dijela studija ili molbu za pla\u0107anje studija na rate. Tako\u0111er, moraju prilo\u017eiti i dokumentaciju o vlastitim\/obiteljskim prihodima (izjavu o \u010dlanovima zajedni\u010dkog ku\u0107anstva, potvrdu Porezne uprave o prihodima \u010dlanova obitelji u 2016. god). Takve molbe mo\u0107i \u0107e se predati i naknadno, nakon pozitivnog rje\u0161enja molbe za prelazak na bolonjski studij.<\/p>\n<p>Molbe \u0107e se rje\u0161avati redom kako pristi\u017eu, a o rje\u0161enjima \u0107e svi studenti biti obavije\u0161teni u pisanom obliku. Proces prelaska na bolonjski studij odvijat \u0107e se u skladu s Odlukom Senata o statusu dodiplomskih studenata i zaklju\u010dcima i preporukama za rje\u0161avanje statusa dodiplomskih studenata na Sveu\u010dili\u0161tu u Zagrebu.<\/p>\n<p>Za sve informacije o tijeku i detaljima postupka mo\u017eete se <strong>od 2. listopada<\/strong> nadalje obratiti e-mailom na <strong>prodekan.nastava@ffzg.hr<\/strong>, telefonski na broj <strong>01\/4092 171<\/strong> i osobno u dekanatu, soba D-21, u vrijeme trajanja konzultacija ili putem Skype-a.<\/p>\n<p>Iznimku \u010dine dodiplomski studenti\/ce zajedni\u010dkog studija povijesti i geografije (geografije i povijesti) koji se zbog specifi\u010dnosti svojih studija mole da predaju i posebnu molbu za reguliranje vlastitoga statusa te da u samoj molbi jasno nazna\u010de svoju kombinaciju studija jer \u0107e se njihove molbe rje\u0161avati u suradnji s Prirodoslovno-matemati\u010dkim fakultetom. Sve navedene odredbe (rokovi i tijek postupka, odnose&nbsp; se i na njih).<\/p>\n<p>Preuzeto s FFZG naslovnice: <br \/>\n<a href=\"https:\/\/www.ffzg.unizg.hr\/?p=7450#more-7450\">https:\/\/www.ffzg.unizg.hr\/?p=7450#more-7450<\/a><\/p>\n<p><small>Objavljeno: 25\/09\/2017 u 10:44 u kategoriji <a href=\"https:\/\/www.ffzg.unizg.hr\/?cat=1\" rel=\"category\">Obavijesti<\/a>. <\/small><\/p>\n<\/div>\n<\/td>\n<\/tr>\n<tr style=\"background-color: #fefefe;\">\n<td style=\"line-height: 1; text-decoration: none; background-color: #fefefe; padding-left: 10px; border: 2px solid #dae7e7; text-align: justify;\">&nbsp;<\/td>\n<\/tr>\n<tr style=\"background-color: #fefefe;\">\n<td style=\"line-height: 1; text-decoration: none; background-color: #fefefe; padding-left: 10px; border: 2px solid #dae7e7; text-align: justify;\"><span style=\"line-height: normal; color: #3b6ea1;\"><span style=\"font-size: small;\"><strong>\u00b0 <span style=\"font-size: small; line-height: 1;\">Obavijest studentima; <\/span><\/strong><\/span><\/span><span style=\"line-height: normal;\"><span style=\"font-size: small;\"><span style=\"font-size: small; line-height: 1;\">Na sjednici Vije\u0107a Filozofskog fakulteta u Zagrebu odr\u017eanoj<br \/>\n16. velja\u010de 2017. odobrena je molba studenata predbolonjskog studija za produ\u017eetak<\/span><\/span><\/span><span style=\"line-height: normal;\"><span style=\"font-size: small;\"><span style=\"font-size: small; line-height: 1;\"><br \/>\nprava na zav\u0161etak studija po starom programu te je odlu\u010deno da im se kao rok <br \/>\nza zavr\u0161etak studija <\/span><span style=\"font-size: small; line-height: 1;\">daje <strong>30. 09. 2017.<\/strong><br \/>\n<span style=\"font-size: 8pt;\">20.2.2017.<\/span><\/span> <\/span><\/span><\/td>\n<\/tr>\n<tr style=\"background-color: #fefefe;\">\n<td style=\"line-height: 1; text-decoration: none; background-color: #fefefe; text-align: left; padding-left: 10px; border: 2px solid #dae7e7;\"><strong><span style=\"line-height: normal; color: #3b6ea1;\"><span style=\"font-size: small;\">\u00b0 <\/span><\/span><\/strong><span style=\"font-size: small;\"><span style=\"font-size: small; line-height: 1;\"><strong>Obavijest studentima: <\/strong><br \/>\n<strong><br \/>\n<\/strong>&#8211; Odlukom Vije\u0107a Filozofskog fakulteta od 25. rujna 2015., produ\u017euje se rok za zavr\u0161etak studija studentima upisanim na predbolonjske studijske programe do kraja akad. god. 2015.\/2016., odnosno do <strong>30. rujna 2016.<\/strong><\/p>\n<p><span style=\"line-height: normal; text-decoration: underline; background-color: #f0f6f7;\">TEKST ODLUKE Vije\u0107a od 25.rujna.2015.:<\/span><br \/>\n<span style=\"line-height: normal; text-decoration: underline; background-color: #f0f6f7;\"><strong>I. <\/strong><\/span><span style=\"line-height: normal;\">Produ\u017euje se rok za zavr\u0161etak studija studentima upisanim na predbolonjske studijske programe najdalje do kraja akad. godine 2015.\/2016. odnosno do 30. rujna 2016.<\/span><\/p>\n<p><span style=\"background-color: #f0f6f7;\"><strong><span style=\"line-height: normal; text-decoration: underline;\">II.<\/span><\/strong> <\/span>Nakon isteka roka studenti mogu prije\u0107i na bolonjske studijske programe uz priznavanje izvr\u0161enih obveza iz studija i priznavanje odgovaraju\u0107ih ECTS bodova.<br \/>\n<span style=\"font-size: 8pt;\">30.9.2015.<\/span><\/p>\n<p>&#8211; Odlukom Vije\u0107a Filozofskog fakulteta od 26. rujna 2014., produ\u017euje se rok za zavr\u0161etak studija studentima upisanim na predbolonjske studijske programe do kraja akad. god. 2014.\/2015., odnosno do 30. rujna 2015.<strong><br \/>\n<\/strong><span style=\"font-size: 8pt;\">30.9.2014.<\/span><strong><br \/>\n<\/strong><\/span><\/span><\/td>\n<\/tr>\n<tr style=\"background-color: #fefefe;\">\n<td style=\"padding-left: 10px; line-height: 1; text-decoration: none; background-color: #fefefe; border-radius: 3px; text-align: left; border: 2px solid #DAE7E7;\">\n<p><span style=\"line-height: normal; color: #3b6ea1;\"><span style=\"font-size: small;\"><strong>\u00b0 <\/strong><\/span><\/span><span style=\"font-size: small; color: #336699;\"><strong><span style=\"font-size: small;\"><a title=\"Karton o diplomiranju: stari program\" href=\"https:\/\/anglist.ffzg.unizg.hr\/?page_id=4226\">UPUTE <\/a> o polaganju diplomskih ispita i ispunjavanju kartona o diplomiranju &#8211;<span style=\"color: #336699;\"> stari program<\/span><\/span><\/strong><\/span><\/p>\n<\/td>\n<\/tr>\n<tr style=\"background-color: #fafcfd;\">\n<td style=\"padding-left: 10px; line-height: 1; text-decoration: none; background-color: #fafcfd; border-radius: 3px; text-align: left; border: 2px solid #DAE7E7;\">\n<p><span style=\"font-size: small; color: #336699;\"><strong><span style=\"font-size: small;\">\u00b0 &nbsp;<a href=\"https:\/\/anglist.ffzg.unizg.hr\/?p=27925\">ISPITNI ROKOVI<\/a> &#8211;<span style=\"color: #336699;\"> stari program<\/span><\/span><\/strong><strong><span style=\"font-size: small;\"><span style=\"color: #336699;\"><br \/>\n<\/span><\/span><\/strong><span style=\"font-size: small;\"><span style=\"color: #336699;\"><strong><br \/>\n<\/strong><\/span><\/span><\/span><\/p>\n<\/td>\n<\/tr>\n<tr style=\"background-color: #fefefe;\">\n<td style=\"padding-left: 10px; text-decoration: none; background-color: #fefefe; border-radius: 3px; text-align: left; border: 2px solid #DAE7E7;\"><span style=\"font-size: small;\"><span style=\"font-size: small;\"><strong><span style=\"font-size: small;\"><strong><span style=\"color: #265572;\">POPISI LITERATURE ZA DIPLOMSKE ISPITE &#8211; stari program<\/span><\/strong><\/span><\/strong><\/span><span style=\"font-size: small;\"><strong><span style=\"font-size: small;\"><strong><br \/>\n<\/strong><\/span><\/strong><span style=\"font-size: small;\">\u00b0 <a title=\"Ameri\u010dka knji\u017eevnost \u2013 diplomski ispit (opis)\" href=\"https:\/\/anglist.ffzg.unizg.hr\/?p=2265\"><span style=\"color: #336699;\">Ameri\u010dka knji\u017eevnost<\/span><\/a><\/span><span style=\"font-size: small;\"><br \/>\n<span style=\"color: #336699;\">\u00b0 <a href=\"https:\/\/anglist.ffzg.unizg.hr\/wp-content\/uploads\/2012\/07\/moderna-popis-literature.doc\"><span style=\"color: #336699;\">Moderna britanska knji\u017eevnost<\/span> <\/a><span style=\"color: #000000;\">(word.doc)<\/span><\/span><br \/>\n<\/span><\/span><span style=\"color: #336699;\"><span style=\"font-size: small;\"><span style=\"font-size: small;\">\u00b0 <a href=\"https:\/\/anglist.ffzg.unizg.hr\/wp-content\/uploads\/2012\/07\/starijalista-final-jan2003.doc\"><span style=\"color: #336699;\">Starija engleska knji\u017eevnost <\/span><\/a><span style=\"color: #000000;\">(word.doc)<\/span><\/span><\/span><span style=\"font-size: small;\"><strong><span style=\"font-size: small;\"><br \/>\n<\/span><\/strong><\/span><\/span> <\/span><\/td>\n<\/tr>\n<tr style=\"line-height: 1; text-decoration: none; background-color: #fafcfd; text-align: center; border: 1px solid #DAE7E7;\">\n<td style=\"padding-left: 10px; line-height: 1; text-decoration: none; background-color: #fafcfd; border-radius: 3px; text-align: left; border: 2px solid #DAE7E7;\">\n<p><strong><span style=\"font-size: small;\">PROGRAM STUDIJA<\/span>:<\/strong><\/p>\n<ul>\n<li><span style=\"font-size: small;\"><span style=\"color: #336699;\"><a title=\"Dodiplomski (stari sustav) \u2013 Program studija\" href=\"https:\/\/anglist.ffzg.unizg.hr\/?p=2250\">Program studija anglistike<\/a> (<\/span><span style=\"color: #000000;\"><em>Vodi\u010d kroz studij<\/em>)<br \/>\n<\/span><\/span><\/li>\n<\/ul>\n<\/td>\n<\/tr>\n<tr style=\"line-height: 1; text-decoration: none; background-color: #fefefe; text-align: center; border: 1px solid #DAE7E7;\">\n<td style=\"padding-left: 10px; line-height: 1; text-decoration: none; background-color: #fefefe; border-radius: 3px; text-align: left; border: 2px solid #DAE7E7;\">\n<p><span style=\"font-size: small;\"><span style=\"color: #333333;\"><strong>OPISI KOLEGIJA<\/strong> <strong>&#8211;<\/strong><\/span><span style=\"color: #000000;\"> stari program (na hrvatskom jeziku) <\/span><\/span><\/p>\n<ul>\n<li><span style=\"color: #336699; font-size: small;\"><a href=\"https:\/\/anglist.ffzg.unizg.hr\/wp-content\/uploads\/2012\/05\/Opis-kolegija-stari-program.doc\">Opis kolegija-stari program<\/a> <span style=\"color: #000000;\">(word.doc<\/span><span style=\"color: #000000;\">)<br \/>\n<a href=\"https:\/\/anglist.ffzg.unizg.hr\/?p=2263\">(opis diplomskih ispita pogledajte ovdje)<\/a><br \/>\n<\/span><\/span><\/li>\n<\/ul>\n<\/td>\n<\/tr>\n<\/tbody>\n<\/table>\n<p>&nbsp;<\/p>\n","protected":false},"excerpt":{"rendered":"<p>ODSJEK ZA ANGLISTIKU DODIPLOMSKI STUDIJ (stari sustav &#8211; ak. god.&nbsp; 2004\/2005. i ranije) Naziv studija: studij engleskog jezika i knji\u017eevnosti \/ studij anglistike Dvopredmetni i\/ili jednopredmetni studij Zvanje (zvanja) koje se stje\u010de: profesor engleskog jezika i knji\u017eevnosti \/ diplomirani anglist PROGRAM STUDIJA: Program studija anglistike (Vodi\u010d kroz studij) OPISI KOLEGIJA &#8211; stari program (na hrvatskom [&hellip;]<\/p>\n","protected":false},"author":6,"featured_media":0,"parent":0,"menu_order":0,"comment_status":"closed","ping_status":"closed","template":"","meta":{"ngg_post_thumbnail":0,"footnotes":""},"class_list":["post-558","page","type-page","status-publish","hentry"],"_links":{"self":[{"href":"https:\/\/anglist.ffzg.unizg.hr\/index.php?rest_route=\/wp\/v2\/pages\/558","targetHints":{"allow":["GET"]}}],"collection":[{"href":"https:\/\/anglist.ffzg.unizg.hr\/index.php?rest_route=\/wp\/v2\/pages"}],"about":[{"href":"https:\/\/anglist.ffzg.unizg.hr\/index.php?rest_route=\/wp\/v2\/types\/page"}],"author":[{"embeddable":true,"href":"https:\/\/anglist.ffzg.unizg.hr\/index.php?rest_route=\/wp\/v2\/users\/6"}],"replies":[{"embeddable":true,"href":"https:\/\/anglist.ffzg.unizg.hr\/index.php?rest_route=%2Fwp%2Fv2%2Fcomments&post=558"}],"version-history":[{"count":125,"href":"https:\/\/anglist.ffzg.unizg.hr\/index.php?rest_route=\/wp\/v2\/pages\/558\/revisions"}],"predecessor-version":[{"id":46240,"href":"https:\/\/anglist.ffzg.unizg.hr\/index.php?rest_route=\/wp\/v2\/pages\/558\/revisions\/46240"}],"wp:attachment":[{"href":"https:\/\/anglist.ffzg.unizg.hr\/index.php?rest_route=%2Fwp%2Fv2%2Fmedia&parent=558"}],"curies":[{"name":"wp","href":"https:\/\/api.w.org\/{rel}","templated":true}]}}