{"id":4202,"date":"2012-09-10T15:00:54","date_gmt":"2012-09-10T14:00:54","guid":{"rendered":"http:\/\/www.ffzg.unizg.hr\/anglist\/test\/wp\/?page_id=4202"},"modified":"2018-12-13T15:29:11","modified_gmt":"2018-12-13T14:29:11","slug":"karton-o-diplomiranju-preddiplomski","status":"publish","type":"page","link":"https:\/\/anglist.ffzg.unizg.hr\/?page_id=4202","title":{"rendered":"Ovjera obrazaca za zavr\u0161etak preddiplomskog studija Odsjeka za anglistiku"},"content":{"rendered":"<p style=\"line-height: normal;\" align=\"center\"><span style=\"color: #336699; font-size: small;\"><strong> Ovjera obrazaca za zavr\u0161etak preddiplomskog studija Odsjeka za anglistiku<br \/>\nZA PRVOSTUPNIKE (BOLONJSKI PROGRAM) <br \/>\n<\/strong><\/span><span style=\"font-size: small;\"><br \/>\n<\/span><\/p>\n<p style=\"text-align: justify;\"><span style=\"font-size: 10pt;\"><strong>Za studente koji se vode kroz ISVU:<br \/>\n<\/strong>Mole se studenti kojima treba potvrditi ispunjene obaveze preddiplomskog ili diplomskog studija da se s ispisom predmeta iz ISVU sustava (\u0161to je mogu\u0107e dobiti u tajni\u0161tvu jednog ili drugog studija), indeksom i ispunjenim obrascima za izdavanje diplome <\/span><span style=\"font-size: 10pt;\">upute pro\u010delnici Odsjeka<\/span><span style=\"font-size: 10pt;\">:<br \/>\n<strong>* PREDDIPLOMSKI STUDIJ &#8211; OBRASCI<\/strong><br \/>\n<\/span><span style=\"font-size: 10pt;\">nalaze se na <a href=\"https:\/\/web2020.ffzg.unizg.hr\/studentska-sluzba\/\" target=\"_blank\" rel=\"noopener\">linku Studentske referade<\/a> : <em>Studentska slu\u017eba &#8211; Obrasci &#8211; Preddiplomski studij<\/em><br \/>\n<strong>* DIPLOMSKI STUDIJ &#8211; OBRASCI<\/strong><br \/>\nnalaze se na <a href=\"https:\/\/web2020.ffzg.unizg.hr\/studentska-sluzba\/\" target=\"_blank\" rel=\"noopener\">linku Studentske referade<\/a> : <em>Studentska slu\u017eba &#8211; Obrasci &#8211; Diplomski studij<\/em><br \/>\n<\/span><\/p>\n<p style=\"text-align: justify;\"><span style=\"font-size: 10pt;\"><strong>Za studente koji se ne vode kroz ISVU:<br \/>\n<\/strong>Mole se studenti kojima treba potvrditi ispunjene obaveze preddiplomskog ili diplomskog studija da se s indeksom i ispunjenim obrascima za izdavanje diplome upute pro\u010delnici Odsjeka:<br \/>\n<strong>* PREDDIPLOMSKI STUDIJ &#8211; OBRASCI<\/strong><br \/>\nnalaze se na <a href=\"https:\/\/web2020.ffzg.unizg.hr\/studentska-sluzba\/\" target=\"_blank\" rel=\"noopener\">linku Studentske referade<\/a> : <em>Studentska slu\u017eba &#8211; Obrasci &#8211; Preddiplomski studij<\/em><br \/>\n<strong>* DIPLOMSKI STUDIJ &#8211; OBRASCI<\/strong><br \/>\nnalaze se na <a href=\"https:\/\/web2020.ffzg.unizg.hr\/studentska-sluzba\/\" target=\"_blank\" rel=\"noopener\">linku Studentske referade<\/a> : <em>Studentska slu\u017eba &#8211; Obrasci &#8211; Diplomski studij<\/em><br \/>\n<\/span><\/p>\n<p><span style=\"font-size: 10pt;\">Pro\u010delnica Odsjeka za anglistiku<\/span><br \/>\n<span style=\"font-size: 10pt;\"> 19. velja\u010de 2018.<br \/>\n<span style=\"color: #4e7294;\"><span style=\"font-size: 8pt;\">_________________________<\/span>_____<\/span><br \/>\n<span style=\"font-size: 8pt;\">A\u017eurirano 13. prosinca 2018.<\/span><br \/>\n<\/span><\/p>\n<p>&nbsp;<\/p>\n<p>&nbsp;<\/p>\n<p>&nbsp;<\/p>\n<p>&nbsp;<\/p>\n<p style=\"text-align: justify;\">\u00a0<\/p>\n<p>&nbsp;<\/p>\n<p>&nbsp;<\/p>\n<p>&nbsp;<\/p>\n","protected":false},"excerpt":{"rendered":"<p>Ovjera obrazaca za zavr\u0161etak preddiplomskog studija Odsjeka za anglistiku ZA PRVOSTUPNIKE (BOLONJSKI PROGRAM) Za studente koji se vode kroz ISVU: Mole se studenti kojima treba potvrditi ispunjene obaveze preddiplomskog ili diplomskog studija da se s ispisom predmeta iz ISVU sustava (\u0161to je mogu\u0107e dobiti u tajni\u0161tvu jednog ili drugog studija), indeksom i ispunjenim obrascima za [&hellip;]<\/p>\n","protected":false},"author":6,"featured_media":0,"parent":426,"menu_order":0,"comment_status":"closed","ping_status":"closed","template":"","meta":{"ngg_post_thumbnail":0,"footnotes":""},"class_list":["post-4202","page","type-page","status-publish","hentry"],"_links":{"self":[{"href":"https:\/\/anglist.ffzg.unizg.hr\/index.php?rest_route=\/wp\/v2\/pages\/4202","targetHints":{"allow":["GET"]}}],"collection":[{"href":"https:\/\/anglist.ffzg.unizg.hr\/index.php?rest_route=\/wp\/v2\/pages"}],"about":[{"href":"https:\/\/anglist.ffzg.unizg.hr\/index.php?rest_route=\/wp\/v2\/types\/page"}],"author":[{"embeddable":true,"href":"https:\/\/anglist.ffzg.unizg.hr\/index.php?rest_route=\/wp\/v2\/users\/6"}],"replies":[{"embeddable":true,"href":"https:\/\/anglist.ffzg.unizg.hr\/index.php?rest_route=%2Fwp%2Fv2%2Fcomments&post=4202"}],"version-history":[{"count":78,"href":"https:\/\/anglist.ffzg.unizg.hr\/index.php?rest_route=\/wp\/v2\/pages\/4202\/revisions"}],"predecessor-version":[{"id":34132,"href":"https:\/\/anglist.ffzg.unizg.hr\/index.php?rest_route=\/wp\/v2\/pages\/4202\/revisions\/34132"}],"up":[{"embeddable":true,"href":"https:\/\/anglist.ffzg.unizg.hr\/index.php?rest_route=\/wp\/v2\/pages\/426"}],"wp:attachment":[{"href":"https:\/\/anglist.ffzg.unizg.hr\/index.php?rest_route=%2Fwp%2Fv2%2Fmedia&parent=4202"}],"curies":[{"name":"wp","href":"https:\/\/api.w.org\/{rel}","templated":true}]}}