{"id":41029,"date":"2021-12-01T10:05:48","date_gmt":"2021-12-01T09:05:48","guid":{"rendered":"http:\/\/anglist.ffzg.unizg.hr\/?page_id=41029"},"modified":"2024-07-20T09:38:15","modified_gmt":"2024-07-20T08:38:15","slug":"izvedbeni-planovi","status":"publish","type":"page","link":"https:\/\/anglist.ffzg.unizg.hr\/?page_id=41029","title":{"rendered":"Izvedbeni planovi"},"content":{"rendered":"<p style=\"text-align: center;\"><span style=\"color: #405791;\"><strong><span style=\"font-size: 14pt;\">ODSJEK ZA ANGLISTIKU<\/span><br \/>\nIZVEDBENI PLANOVI ZA <br \/>\nPRIJEDIPLOMSKI I DIPLOMSKI STUDIJ ANGLISTIKE<\/strong><\/span><\/p>\n<p style=\"text-align: center;\"><span style=\"color: #405791;\"><strong><span style=\"font-size: 8pt;\">Filozofski fakultet, Sveu\u010dili\u0161te u Zagrebu<\/span><br \/>\n<a href=\"http:\/\/theta.ffzg.hr\/ECTS\/\" target=\"_blank\" rel=\"noopener\"><span style=\"font-size: 8pt;\"><span style=\"font-size: 10pt;\"><span style=\"font-size: 12pt;\"><em>THETA<\/em><\/span> &#8211; ECTS Informacijski paket &#8211; IZVEDBENI PLANOVI<\/span><\/span><\/a> <br \/>\n<\/strong><br \/>\n<\/span><\/p>\n<table style=\"border-collapse: collapse; width: 100%; height: 384px;\">\n<tbody>\n<tr style=\"height: 24px;\">\n<td style=\"width: 30.0579%; border-color: #8299ab; height: 24px;\" colspan=\"2\"><span style=\"font-size: 10pt;\"><strong><span style=\"font-family: arial, helvetica, sans-serif; background-color: #dcebf2;\">*** IZVEDBENI PLANOVI za teku\u0107u ak. god.<\/span><\/strong><\/span><\/td>\n<\/tr>\n<tr style=\"height: 48px;\">\n<td style=\"width: 30.0579%; height: 48px; border: 1px; border-color: #c1d2d9; border-style: solid;\"><span style=\"font-size: 10pt;\"><strong><span style=\"text-decoration: underline;\">&#8211; PRIJEDIPLOMSKI STUDIJ<br \/>\n<\/span><span style=\"font-family: arial, helvetica, sans-serif;\">ak. god. 2024\/25.<\/span><\/strong><\/span><\/td>\n<td style=\"width: 69.9421%; height: 48px; border: 1px; border-color: #c1d2d9; border-style: solid;\"><span style=\"font-size: 10pt;\">IZVEDBENI PLAN<strong>&nbsp;<\/strong>na stranicama FFZG: ANGLISTIKA:&nbsp;<strong><br \/>\n<\/strong><a href=\"http:\/\/theta.ffzg.hr\/ECTS\/Studij\/Index\/937\" target=\"_blank\" rel=\"noopener\">http:\/\/theta.ffzg.hr\/ECTS\/Studij\/Index\/937<\/a><\/span><\/td>\n<\/tr>\n<tr style=\"height: 72px;\">\n<td style=\"width: 30.0579%; height: 72px; border: 1px; border-color: #c1d2d9; border-style: solid;\"><span style=\"font-size: 10pt;\"><span style=\"text-decoration: underline;\"><strong>&#8211; DIPLOMSKI STUDIJ<br \/>\n<\/strong><\/span><strong><span style=\"font-family: arial, helvetica, sans-serif;\">ak. god. 2024\/25.<\/span><\/strong><\/span><\/td>\n<td style=\"width: 69.9421%; height: 72px; border: 1px; border-color: #c1d2d9; border-style: solid;\"><span style=\"font-size: 10pt;\">IZVEDBENI PLAN na stranicama FFZG: ANGLISTIKA<\/span><br \/>\n<span style=\"font-size: 10pt;\">JEDNOPREDMETNI: <a href=\"http:\/\/theta.ffzg.hr\/ECTS\/Studij\/Index\/12425\" target=\"_blank\" rel=\"noopener\">http:\/\/theta.ffzg.hr\/ECTS\/Studij\/Index\/12425<\/a><\/span><br \/>\n<span style=\"font-size: 10pt;\">DVOPREDMETNI: <a href=\"http:\/\/theta.ffzg.hr\/ECTS\/Studij\/Index\/12427\" target=\"_blank\" rel=\"noopener\">http:\/\/theta.ffzg.hr\/ECTS\/Studij\/Index\/12427<\/a><\/span><\/td>\n<\/tr>\n<tr style=\"height: 24px;\">\n<td style=\"width: 30.0579%; height: 24px; border: 1px; border-color: #c1d2d9; border-style: solid;\" colspan=\"2\"><span style=\"font-size: 10pt;\"><strong><span style=\"font-family: arial, helvetica, sans-serif; background-color: #dcebf2;\">*** Na istoj stranici dostupna je i<span style=\"font-size: 10pt;\"> ARHIVA<\/span><\/span><\/strong><span style=\"font-family: arial, helvetica, sans-serif; background-color: #dcebf2;\"> izvedbenih planova od ak. god. 2016\/2017.<\/span><strong><span style=\"font-family: arial, helvetica, sans-serif; background-color: #dcebf2;\"><span style=\"font-size: 12pt;\"><br \/>\n<\/span><\/span><\/strong><\/span><\/td>\n<\/tr>\n<\/tbody>\n<\/table>\n<p>&nbsp;<\/p>\n<p><span style=\"font-family: arial, helvetica, sans-serif;\"><img loading=\"lazy\" decoding=\"async\" class=\"wp-image-41120 aligncenter\" src=\"http:\/\/anglist.ffzg.unizg.hr\/wp-content\/uploads\/2021\/12\/classroom.png\" alt=\"\" width=\"275\" height=\"183\"\/><\/span><\/p>\n<div>&nbsp;<\/div>\n","protected":false},"excerpt":{"rendered":"<p>ODSJEK ZA ANGLISTIKU IZVEDBENI PLANOVI ZA PRIJEDIPLOMSKI I DIPLOMSKI STUDIJ ANGLISTIKE Filozofski fakultet, Sveu\u010dili\u0161te u Zagrebu THETA &#8211; ECTS Informacijski paket &#8211; IZVEDBENI PLANOVI *** IZVEDBENI PLANOVI za teku\u0107u ak. god. &#8211; PRIJEDIPLOMSKI STUDIJ ak. god. 2024\/25. IZVEDBENI PLAN&nbsp;na stranicama FFZG: ANGLISTIKA:&nbsp; http:\/\/theta.ffzg.hr\/ECTS\/Studij\/Index\/937 &#8211; DIPLOMSKI STUDIJ ak. god. 2024\/25. IZVEDBENI PLAN na stranicama FFZG: ANGLISTIKA [&hellip;]<\/p>\n","protected":false},"author":6,"featured_media":0,"parent":0,"menu_order":0,"comment_status":"closed","ping_status":"closed","template":"","meta":{"ngg_post_thumbnail":0,"footnotes":""},"class_list":["post-41029","page","type-page","status-publish","hentry"],"_links":{"self":[{"href":"https:\/\/anglist.ffzg.unizg.hr\/index.php?rest_route=\/wp\/v2\/pages\/41029","targetHints":{"allow":["GET"]}}],"collection":[{"href":"https:\/\/anglist.ffzg.unizg.hr\/index.php?rest_route=\/wp\/v2\/pages"}],"about":[{"href":"https:\/\/anglist.ffzg.unizg.hr\/index.php?rest_route=\/wp\/v2\/types\/page"}],"author":[{"embeddable":true,"href":"https:\/\/anglist.ffzg.unizg.hr\/index.php?rest_route=\/wp\/v2\/users\/6"}],"replies":[{"embeddable":true,"href":"https:\/\/anglist.ffzg.unizg.hr\/index.php?rest_route=%2Fwp%2Fv2%2Fcomments&post=41029"}],"version-history":[{"count":46,"href":"https:\/\/anglist.ffzg.unizg.hr\/index.php?rest_route=\/wp\/v2\/pages\/41029\/revisions"}],"predecessor-version":[{"id":46103,"href":"https:\/\/anglist.ffzg.unizg.hr\/index.php?rest_route=\/wp\/v2\/pages\/41029\/revisions\/46103"}],"wp:attachment":[{"href":"https:\/\/anglist.ffzg.unizg.hr\/index.php?rest_route=%2Fwp%2Fv2%2Fmedia&parent=41029"}],"curies":[{"name":"wp","href":"https:\/\/api.w.org\/{rel}","templated":true}]}}