{"id":2139,"date":"2012-07-07T18:19:33","date_gmt":"2012-07-07T17:19:33","guid":{"rendered":"http:\/\/www.ffzg.unizg.hr\/anglist\/test\/wp\/?page_id=2139"},"modified":"2021-09-22T17:56:48","modified_gmt":"2021-09-22T16:56:48","slug":"nastavnicki-raspored","status":"publish","type":"page","link":"https:\/\/anglist.ffzg.unizg.hr\/?page_id=2139","title":{"rendered":"Nastavni\u010dki: raspored &#8211; zimski semestar"},"content":{"rendered":"<p style=\"line-height: normal; color: #336699;\" align=\"center\"><span style=\"font-size: small;\"><span style=\"color: #336699;\"><strong>DIPLOMSKI STUDIJ ANGLISTIKE: NASTAVNI\u010cKI SMJER<br \/>\nRASPORED PREDAVANJA<br \/>\n1. i 3. SEMESTAR 2021\/22.<br \/>\n<\/strong>(verzija od 22.9.2021. &#8211; pratite promjene)<strong><br \/>\n<\/strong><span style=\"color: #99ccff;\">__________________________________________________________________________________________<\/span><strong><br \/>\n<\/strong><\/span><\/span><\/p>\n<p><strong><span style=\"font-size: 10.0pt; color: #336699;\">1. SEMESTAR<br \/>\n<\/span><\/strong><\/p>\n<p><strong><span style=\"font-size: 10.0pt;\">Proces ovladavanja jezikom (obavezni)<\/span><\/strong> <br \/>\n<span style=\"font-size: 10.0pt;\">(dr. sc. Stela Letica Krevelj)<\/span><br \/>\n<span style=\"font-size: 10.0pt;\">pon. 09:30 \u2013 11:00, A-105<\/span><br \/>\n<span style=\"font-size: 10.0pt;\">\u010det. 09:30 \u2013 11:00, A-105<\/span><\/p>\n<p><strong><span style=\"font-size: 10.0pt; color: #336699;\">3. SEMESTAR<br \/>\n<\/span><\/strong><span style=\"font-size: 10pt;\"><strong>Dvojezi\u010dnost (izborni) <\/strong><\/span><br \/>\n<span style=\"font-size: 10pt;\">(dr. sc. Stela Letica Krevelj)<\/span><br \/>\n<span style=\"font-size: 10pt;\">pon. 11:45 \u2013 13:15, A-219<\/span><br \/>\n<span style=\"font-size: 10pt;\">\u010det. 11:00 \u2013 12:30, A-105<\/span><\/p>\n<p><span style=\"font-size: 10pt;\"><strong>Praksa 1 (dvopredmetni) (obavezni)*<\/strong><\/span><br \/>\n<span style=\"font-size: 10pt;\">(dr.sc. Renata Geld, Jasenka \u010cengi\u0107)<\/span><br \/>\n<span style=\"font-size: 10pt;\">sri. 8:45 \u2013 9:30, A 105<\/span><br \/>\n<span style=\"font-size: 10pt;\">sri. 09:30 \u2013 10:15, A 105<\/span><br \/>\n<span style=\"font-size: 10pt;\">*Odlazak u \u0161kole planirat \u0107e se i dogovarati ovisno o epidemiolo\u0161koj situaciji.<\/span><\/p>\n<p>&nbsp;<\/p>\n","protected":false},"excerpt":{"rendered":"<p>DIPLOMSKI STUDIJ ANGLISTIKE: NASTAVNI\u010cKI SMJER RASPORED PREDAVANJA 1. i 3. SEMESTAR 2021\/22. (verzija od 22.9.2021. &#8211; pratite promjene) __________________________________________________________________________________________ 1. SEMESTAR Proces ovladavanja jezikom (obavezni) (dr. sc. Stela Letica Krevelj) pon. 09:30 \u2013 11:00, A-105 \u010det. 09:30 \u2013 11:00, A-105 3. SEMESTAR Dvojezi\u010dnost (izborni) (dr. sc. Stela Letica Krevelj) pon. 11:45 \u2013 13:15, A-219 \u010det. [&hellip;]<\/p>\n","protected":false},"author":6,"featured_media":0,"parent":525,"menu_order":0,"comment_status":"closed","ping_status":"closed","template":"","meta":{"ngg_post_thumbnail":0,"footnotes":""},"class_list":["post-2139","page","type-page","status-publish","hentry"],"_links":{"self":[{"href":"https:\/\/anglist.ffzg.unizg.hr\/index.php?rest_route=\/wp\/v2\/pages\/2139","targetHints":{"allow":["GET"]}}],"collection":[{"href":"https:\/\/anglist.ffzg.unizg.hr\/index.php?rest_route=\/wp\/v2\/pages"}],"about":[{"href":"https:\/\/anglist.ffzg.unizg.hr\/index.php?rest_route=\/wp\/v2\/types\/page"}],"author":[{"embeddable":true,"href":"https:\/\/anglist.ffzg.unizg.hr\/index.php?rest_route=\/wp\/v2\/users\/6"}],"replies":[{"embeddable":true,"href":"https:\/\/anglist.ffzg.unizg.hr\/index.php?rest_route=%2Fwp%2Fv2%2Fcomments&post=2139"}],"version-history":[{"count":85,"href":"https:\/\/anglist.ffzg.unizg.hr\/index.php?rest_route=\/wp\/v2\/pages\/2139\/revisions"}],"predecessor-version":[{"id":40418,"href":"https:\/\/anglist.ffzg.unizg.hr\/index.php?rest_route=\/wp\/v2\/pages\/2139\/revisions\/40418"}],"up":[{"embeddable":true,"href":"https:\/\/anglist.ffzg.unizg.hr\/index.php?rest_route=\/wp\/v2\/pages\/525"}],"wp:attachment":[{"href":"https:\/\/anglist.ffzg.unizg.hr\/index.php?rest_route=%2Fwp%2Fv2%2Fmedia&parent=2139"}],"curies":[{"name":"wp","href":"https:\/\/api.w.org\/{rel}","templated":true}]}}