{"id":1808,"date":"2012-06-28T16:31:19","date_gmt":"2012-06-28T15:31:19","guid":{"rendered":"http:\/\/www.ffzg.unizg.hr\/anglist\/test\/wp\/?page_id=1808"},"modified":"2024-07-03T17:20:04","modified_gmt":"2024-07-03T16:20:04","slug":"karton-o-diplomiranju","status":"publish","type":"page","link":"https:\/\/anglist.ffzg.unizg.hr\/?page_id=1808","title":{"rendered":"HODOGRAM I OBRASCI za zavr\u0161etak diplomskog studija Odsjeka za anglistiku"},"content":{"rendered":"<p style=\"line-height: normal;\" align=\"center\">&nbsp;<span style=\"color: #336699; font-size: small;\"><strong>Obavijest studentima diplomskog studija o diplomskim radovima<br \/>\ni<br \/>\nHODOGRAM I OBRASCI za zavr\u0161etak diplomskog studija Odsjeka za anglistiku <br \/>\n<\/strong><span style=\"font-family: Tahoma; font-size: small;\">(Upute o diplomskim radovima i ispunjavanju obrazaca o diplomiranju za <span style=\"color: #0066cc;\">diplomski bolonjski program<\/span><\/span>)<br \/>\n<span style=\"color: #d1d3f9;\">____________________________________________________________________________<\/span><strong><br \/>\n<\/strong><\/span><\/p>\n<p style=\"line-height: normal; text-align: justify;\"><span style=\"font-size: small;\">U skladu s Fakultetskom Odlukom o diplomskim radovima, student ima pravo na obranu diplomskog rada tek kada ispuni sve prethodne obveze sukladno studijskom programu.&nbsp; <br \/>\nKada student polo\u017ei sve ispite propisane studijskim programom na svom studiju (na jednoj ili obje studijske grupe) mora slijediti proceduru o zavr\u0161etku studija navedenu na mre\u017enim stranicama <strong>Studentske slu\u017ebe Filozofskog fakulteta (<a href=\"https:\/\/web2020.ffzg.unizg.hr\/studentska-sluzba\" target=\"_blank\" rel=\"noopener noreferrer\">https:\/\/web2020.ffzg.unizg.hr\/studentska-sluzba<\/a>\/) <\/strong>:<br \/>\n<em>(Studentska slu\u017eba \u2013 Obrasci \u2013 Diplomski studij<\/em>)<br \/>\n<\/span><\/p>\n<p style=\"line-height: normal; text-align: justify;\"><span style=\"font-size: small;\"><span style=\"color: #ff0000;\"><strong>OBRASCI<\/strong><\/span><br \/>\nDIPLOMSKI STUDIJ \u2013 OBRASCI<br \/>\nna poveznici:<br \/>\n<a href=\"https:\/\/web2020.ffzg.unizg.hr\/studentska-sluzba\/obrasci\/diplomski-studij\/\" target=\"_blank\" rel=\"noopener noreferrer\">https:\/\/web2020.ffzg.unizg.hr\/studentska-sluzba\/obrasci\/diplomski-studij\/<\/a><\/span><\/p>\n<p><span style=\"font-size: 10pt; color: #ff0000;\"><strong>HODOGRAM<\/strong> <\/span><br \/>\n<span style=\"font-size: 10pt;\">ZA ZAVR\u0160ETAK DIPLOMSKOG STUDIJA<\/span><br \/>\n<span style=\"font-size: 10pt;\">na poveznici:<\/span><br \/>\n<span style=\"font-size: 10pt;\"><strong><a href=\"https:\/\/web2020.ffzg.unizg.hr\/studentska-sluzba\/obrasci\/diplomski-studij\/hodogram\/\" target=\"_blank\" rel=\"noopener noreferrer\">HODOGRAM ZA ZAVR\u0160ETAK DIPLOMSKOG STUDIJA<\/a><\/strong><\/span><\/p>\n<p style=\"line-height: normal; text-align: justify;\"><span style=\"font-size: small;\"><span style=\"color: #ff0000;\">Sve mailove vezane uz papirologiju za zavr\u0161etak preddiplomskog i diplomskoj studija Odsjeka za anglistiku slati na&nbsp;<\/span><a href=\"mailto:anglistika@ffzg.hr\">anglistika@ffzg.hr<\/a><br \/>\n<span style=\"color: #7792b5;\">_________________________________________________________________________________________<\/span><br \/>\n<\/span><\/p>\n<p style=\"line-height: normal; text-align: justify;\"><span style=\"font-family: verdana,geneva; font-size: small;\"><strong><span style=\"color: #000000;\">&#8211; UVJETE<\/span><\/strong>&nbsp; za knji\u017eevne kolegije mo\u017eete pogledati <strong><a title=\"Uvjeti-diplomski studij-knji\u017eevni kolegiji (iz 2013.)\" href=\"https:\/\/anglist.ffzg.unizg.hr\/?page_id=23219\"> <span style=\"color: #003399;\">ovdje<\/span><\/a><span style=\"color: #003399;\">.<br \/>\n<\/span><\/strong><span style=\"text-decoration: underline;\"><br \/>\n<\/span><\/span><\/p>\n<p style=\"line-height: normal; text-align: justify;\"><span style=\"font-size: small;\">&#8211; Studenti nakon obrane, u skladu s <a href=\"https:\/\/web2020.ffzg.unizg.hr\/blog\/2020\/04\/01\/online-obrane-diplomskih-radova\/\" target=\"_blank\" rel=\"noopener noreferrer\">odlukom Filozofskog fakulteta o online obranama diplomskih radova<\/a>,&nbsp; sami pohranjuju svoje diplomske radove u Repozitorij.<br \/>\nRepozitorij FFZG <em>ODRAZ<\/em>: <a href=\"https:\/\/repozitorij.ffzg.unizg.hr\/\" target=\"_blank\" rel=\"noopener noreferrer\">https:\/\/repozitorij.ffzg.unizg.hr\/<\/a><br \/>\nOvdje mo\u017eete prona\u0107i <a href=\"http:\/\/knjiznica.ffzg.unizg.hr\/kdokumenti\/repozitorij\/odraz-upute_za_studente.pdf\" target=\"_blank\" rel=\"noopener noreferrer\">Upute za unos diplomskih radova<\/a>, a sa daljnjim pitanjima javite se na <a href=\"mailto:knjiznica@ffzg.hr\">knjiznica@ffzg.hr<\/a>.&nbsp;<\/span><\/p>\n<p style=\"line-height: normal; text-align: justify;\"><span style=\"font-size: small; font-family: verdana,geneva;\">Iz Odsjeka, prosinac 2018.<br \/>\na\u017eurirano, travanj 2020.<br \/>\n<\/span><\/p>\n<p style=\"line-height: normal; text-align: left;\" align=\"center\">&nbsp;<\/p>\n<p>&nbsp;<\/p>\n<p>&nbsp;<\/p>\n<p>&nbsp;<\/p>\n<p>&nbsp;<\/p>\n","protected":false},"excerpt":{"rendered":"<p>&nbsp;Obavijest studentima diplomskog studija o diplomskim radovima i HODOGRAM I OBRASCI za zavr\u0161etak diplomskog studija Odsjeka za anglistiku (Upute o diplomskim radovima i ispunjavanju obrazaca o diplomiranju za diplomski bolonjski program) ____________________________________________________________________________ U skladu s Fakultetskom Odlukom o diplomskim radovima, student ima pravo na obranu diplomskog rada tek kada ispuni sve prethodne obveze sukladno studijskom [&hellip;]<\/p>\n","protected":false},"author":6,"featured_media":0,"parent":448,"menu_order":0,"comment_status":"closed","ping_status":"closed","template":"","meta":{"ngg_post_thumbnail":0,"footnotes":""},"class_list":["post-1808","page","type-page","status-publish","hentry"],"_links":{"self":[{"href":"https:\/\/anglist.ffzg.unizg.hr\/index.php?rest_route=\/wp\/v2\/pages\/1808","targetHints":{"allow":["GET"]}}],"collection":[{"href":"https:\/\/anglist.ffzg.unizg.hr\/index.php?rest_route=\/wp\/v2\/pages"}],"about":[{"href":"https:\/\/anglist.ffzg.unizg.hr\/index.php?rest_route=\/wp\/v2\/types\/page"}],"author":[{"embeddable":true,"href":"https:\/\/anglist.ffzg.unizg.hr\/index.php?rest_route=\/wp\/v2\/users\/6"}],"replies":[{"embeddable":true,"href":"https:\/\/anglist.ffzg.unizg.hr\/index.php?rest_route=%2Fwp%2Fv2%2Fcomments&post=1808"}],"version-history":[{"count":90,"href":"https:\/\/anglist.ffzg.unizg.hr\/index.php?rest_route=\/wp\/v2\/pages\/1808\/revisions"}],"predecessor-version":[{"id":45935,"href":"https:\/\/anglist.ffzg.unizg.hr\/index.php?rest_route=\/wp\/v2\/pages\/1808\/revisions\/45935"}],"up":[{"embeddable":true,"href":"https:\/\/anglist.ffzg.unizg.hr\/index.php?rest_route=\/wp\/v2\/pages\/448"}],"wp:attachment":[{"href":"https:\/\/anglist.ffzg.unizg.hr\/index.php?rest_route=%2Fwp%2Fv2%2Fmedia&parent=1808"}],"curies":[{"name":"wp","href":"https:\/\/api.w.org\/{rel}","templated":true}]}}