{"id":1773,"date":"2012-06-28T15:52:04","date_gmt":"2012-06-28T14:52:04","guid":{"rendered":"http:\/\/www.ffzg.unizg.hr\/anglist\/test\/wp\/?page_id=1773"},"modified":"2024-09-21T09:09:52","modified_gmt":"2024-09-21T08:09:52","slug":"diplomski-rad-prijava-i-formular","status":"publish","type":"page","link":"https:\/\/anglist.ffzg.unizg.hr\/?page_id=1773","title":{"rendered":"Diplomski rad (prijava i formular) &#8211; knji\u017eevnost i kultura"},"content":{"rendered":"<p style=\"line-height: normal; text-align: center;\" align=\"center\"><span style=\"font-family: tahoma, arial, helvetica, sans-serif;\"><span style=\"font-size: small;\"><span style=\"color: #336699;\"><strong>Diplomski <\/strong><\/span><\/span><span style=\"color: #336699;\"><strong><span style=\"color: #336699; font-size: small;\"> rad i mentorstvo na diplomskom studiju iz engleske knji\u017eevnosti i kulture i ameri\u010dke knji\u017eevnosti i kulture<\/span><br \/>\n<\/strong><\/span><\/span><\/p>\n<table style=\"line-height: normal;\" border=\"0\">\n<tbody style=\"line-height: normal;\">\n<tr style=\"line-height: normal;\">\n<td style=\"line-height: normal; text-align: right;\"><span style=\"font-family: tahoma, arial, helvetica, sans-serif;\"><a href=\"https:\/\/anglist.ffzg.unizg.hr\/wp-content\/uploads\/2022\/01\/Formular-za-prijavu-teme-2.doc\"><span style=\"font-size: small;\">Formular za prijavu teme <\/span><\/a><span style=\"font-size: small;\">(word.doc)<\/span><\/span><\/td>\n<\/tr>\n<tr>\n<td style=\"line-height: normal; text-align: right;\"><span style=\"font-size: small; font-family: tahoma, arial, helvetica, sans-serif;\">Obaveza kori\u0161tenja programa <em><strong>Turnitin<\/strong><\/em> za provjeru autenti\u010dnosti radova od sije\u010dnja 2024.<br \/>\n<a href=\"https:\/\/anglist.ffzg.unizg.hr\/?p=44675\">Upute za kori\u0161tenje<\/a>&nbsp;<br \/>\n<\/span><\/td>\n<\/tr>\n<\/tbody>\n<\/table>\n<p style=\"line-height: normal;\"><span style=\"font-size: small; font-family: tahoma,arial,helvetica,sans-serif;\">ECTS bodova: <strong>15<\/strong><\/span><\/p>\n<p><span style=\"font-family: tahoma, arial, helvetica, sans-serif; font-size: 10pt;\">Rad treba imati izme\u0111u <strong>35 i 40 <\/strong>kartica teksta (63.000-72.000 znakova).<\/span><br \/>\n<span style=\"font-family: tahoma, arial, helvetica, sans-serif; font-size: 10pt;\">Broj bibliografskih jedinica: najmanje <strong>15<\/strong>. <\/span><br \/>\n<span style=\"font-family: tahoma, arial, helvetica, sans-serif; font-size: 10pt;\">Na\u010din citiranja: <a href=\"https:\/\/owl.english.purdue.edu\/owl\/resource\/747\/01\/\" target=\"_blank\" rel=\"noopener noreferrer\"><strong>MLA<br \/>\n<\/strong><\/a>Naslovnica na hrvatskom: <a href=\"http:\/\/anglist.ffzg.unizg.hr\/wp-content\/uploads\/2024\/09\/Naslovnica.pdf\" target=\"_blank\" rel=\"noopener\"><strong>Naslovnica<\/strong><\/a><\/span><br \/>\n<span style=\"font-family: tahoma, arial, helvetica, sans-serif; font-size: 10pt;\"><a href=\"https:\/\/anglist.ffzg.unizg.hr\/?page_id=15692\" target=\"_blank\" rel=\"noopener noreferrer\">Obavezni dijelovi rada<\/a><\/span><br \/>\n<span style=\"font-family: tahoma, arial, helvetica, sans-serif; font-size: 10pt;\">Diplomski rad ne mo\u017ee biti prera\u0111eni seminarski rad.<br \/>\nDiplomski se rad pi\u0161e na engleskom jeziku.<br \/>\n<\/span><\/p>\n<p style=\"line-height: normal;\"><span style=\"font-size: small; font-family: tahoma,arial,helvetica,sans-serif;\"> Mentori na diplomskom studiju su:<br \/>\n<strong>Teme iz anglofonih knji\u017eevnosti i kultura:<\/strong><br \/>\ndr. sc. Tatjana Juki\u0107 Greguri\u0107, red. prof.<br \/>\ndr. sc. Borislav Kne\u017eevi\u0107, red. prof.<br \/>\ndr. sc. Iva Polak, izv. prof.<br \/>\ndr. sc. Vanja Poli\u0107, izv. prof.<br \/>\ndr. sc. Tihana Klepa\u010d, izv. prof.<br \/>\ndr. sc. Martina Domines Veliki, izv. prof.<br \/>\n<\/span><\/p>\n<p style=\"line-height: normal;\"><span style=\"font-size: small; font-family: tahoma, arial, helvetica, sans-serif;\"><strong>Amerikanisti\u010dke teme:<\/strong><br \/>\ndr. sc. Jelena \u0160esni\u0107, red. prof.<br \/>\ndr. sc. Sven Cvek, izv. prof.<br \/>\ndr. sc. Hrvoje tutek, poslijedoktorand<br \/>\n<\/span><\/p>\n<p style=\"line-height: normal; text-align: justify;\"><span style=\"font-size: small; font-family: tahoma,arial,helvetica,sans-serif;\">Maksimalni broj studenata po mentoru je <strong>2 do 3 <\/strong>(anglofone knji\u017eevnosti) i<strong> 3 do 4 <\/strong>(amerikanistika).<\/span><br \/>\n<span style=\"font-size: small; font-family: tahoma,arial,helvetica,sans-serif;\"><strong>Prijava rada:<\/strong><br \/>\nTemu diplomskog rada studenti trebaju odabrati <strong>u prvih deset dana velja\u010de<\/strong>. U tom roku kandidat se obra\u0107a mentoru i u dogovoru s njim bira temu koju zatim mora mentoru pismeno obrazlo\u017eiti.<br \/>\nStudenti koji <strong>nisu<\/strong> do tog datuma na\u0161li mentora trebaju se najkasnije do polovice velja\u010de javiti predstojnicama katedara za vrijeme njihovih konzultacija. <br \/>\nNakon toga datuma mentori se sastaju kako bi rije\u0161ili problem studenata koji jo\u0161 nisu prijavili temu rada.<br \/>\nSvi studenti moraju <strong>do zadnjeg tjedna velja\u010de<\/strong> predati u administraciju Odsjeka molbu za pisanje diplomskog rada supotpisanu od strane mentora (<a href=\"https:\/\/anglist.ffzg.unizg.hr\/wp-content\/uploads\/2022\/01\/Formular-za-prijavu-teme-2.doc\">Formular za prijavu teme<\/a>).<br \/>\nFormular za prijavu teme mogu\u0107e je poslati na elektroni\u010dku po\u0161tu tajni\u0161tva (<a href=\"anglistika@ffzg.hr\">anglistika@ffzg.hr<\/a>).<br \/>\n<\/span><br \/>\n<span style=\"font-size: small; font-family: tahoma,arial,helvetica,sans-serif;\">Rad se pi\u0161e tijekom 4. semestra. Da bi se osigurala postupnost u pisanju rada student je du\u017ean <strong>redovito se nalaziti s mentorom i izvje\u0161tavati ga o stanju istra\u017eivanja.<br \/>\nAko studenti \u017eele obranu u rujnu, du\u017eni su zavr\u0161ni rad predati do 1. lipnja.<br \/>\nStudenti su du\u017eni prijaviti obranu zavr\u0161nog rada preko Studomata.<br \/>\n<\/strong><\/span><\/p>\n<p><span style=\"font-size: small; font-family: tahoma, arial, helvetica, sans-serif;\">Za predaju papirologije prije postupka obrane, vidi <a href=\"https:\/\/anglist.ffzg.unizg.hr\/?page_id=1808\" target=\"_blank\" rel=\"noopener noreferrer\">poveznicu<\/a>.<\/span><br \/>\n<span style=\"font-family: tahoma,arial,helvetica,sans-serif;\"><span style=\"font-size: small;\">Za pohranu rada u Repozitorij <em>ODRAZ<\/em> u .pdf formatu nakon postupka obrane, vidi <a href=\"https:\/\/anglist.ffzg.unizg.hr\/?page_id=10574\" target=\"_blank\" rel=\"noopener noreferrer\">poveznicu<\/a>.<\/span><br \/>\n<span style=\"font-size: small;\"><strong><span style=\"color: #99ccff;\">__________________________________________________________________<\/span><\/strong><\/span><\/span><\/p>\n<p><span style=\"font-size: small; font-family: tahoma,arial,helvetica,sans-serif;\">&nbsp;<\/span><\/p>\n<p>&nbsp;<\/p>\n","protected":false},"excerpt":{"rendered":"<p>Diplomski rad i mentorstvo na diplomskom studiju iz engleske knji\u017eevnosti i kulture i ameri\u010dke knji\u017eevnosti i kulture Formular za prijavu teme (word.doc) Obaveza kori\u0161tenja programa Turnitin za provjeru autenti\u010dnosti radova od sije\u010dnja 2024. Upute za kori\u0161tenje&nbsp; ECTS bodova: 15 Rad treba imati izme\u0111u 35 i 40 kartica teksta (63.000-72.000 znakova). Broj bibliografskih jedinica: najmanje 15. [&hellip;]<\/p>\n","protected":false},"author":6,"featured_media":0,"parent":454,"menu_order":0,"comment_status":"closed","ping_status":"closed","template":"","meta":{"ngg_post_thumbnail":0,"footnotes":""},"class_list":["post-1773","page","type-page","status-publish","hentry"],"_links":{"self":[{"href":"https:\/\/anglist.ffzg.unizg.hr\/index.php?rest_route=\/wp\/v2\/pages\/1773","targetHints":{"allow":["GET"]}}],"collection":[{"href":"https:\/\/anglist.ffzg.unizg.hr\/index.php?rest_route=\/wp\/v2\/pages"}],"about":[{"href":"https:\/\/anglist.ffzg.unizg.hr\/index.php?rest_route=\/wp\/v2\/types\/page"}],"author":[{"embeddable":true,"href":"https:\/\/anglist.ffzg.unizg.hr\/index.php?rest_route=\/wp\/v2\/users\/6"}],"replies":[{"embeddable":true,"href":"https:\/\/anglist.ffzg.unizg.hr\/index.php?rest_route=%2Fwp%2Fv2%2Fcomments&post=1773"}],"version-history":[{"count":153,"href":"https:\/\/anglist.ffzg.unizg.hr\/index.php?rest_route=\/wp\/v2\/pages\/1773\/revisions"}],"predecessor-version":[{"id":46602,"href":"https:\/\/anglist.ffzg.unizg.hr\/index.php?rest_route=\/wp\/v2\/pages\/1773\/revisions\/46602"}],"up":[{"embeddable":true,"href":"https:\/\/anglist.ffzg.unizg.hr\/index.php?rest_route=\/wp\/v2\/pages\/454"}],"wp:attachment":[{"href":"https:\/\/anglist.ffzg.unizg.hr\/index.php?rest_route=%2Fwp%2Fv2%2Fmedia&parent=1773"}],"curies":[{"name":"wp","href":"https:\/\/api.w.org\/{rel}","templated":true}]}}